108.
13
Calculate the remainder when 2910 is divided by 1448.
14
Calculate the remainder when 301 is divided by 255.
46
Calculate the remainder when 7468 is divided by 533.
6
What is the remainder when 107015 is divided by 47?
43
What is the remainder when 1906 is divided by 410?
266
What is the remainder when 132059 is divided by 30?
29
What is the remainder when 48334 is divided by 37?
12
Calculate the remainder when 122866 is divided by 55.
51
Calculate the remainder when 582799 is divided by 39.
22
What is the remainder when 66825 is divided by 5140?
5
What is the remainder when 60153 is divided by 27?
24
Calculate the remainder when 5816 is divided by 20.
16
Calculate the remainder when 580649 is divided by 5231.
8
What is the remainder when 6797 is divided by 1070?
377
Calculate the remainder when 28936 is divided by 101.
50
What is the remainder when 6036 is divided by 319?
294
Calculate the remainder when 115255 is divided by 38412.
19
What is the remainder when 649 is divided by 202?
43
What is the remainder when 17854 is divided by 19?
13
Calculate the remainder when 62537 is divided by 27.
5
Calculate the remainder when 7541 is divided by 93.
8
What is the remainder when 140652 is divided by 48?
12
What is the remainder when 111339 is divided by 42?
39
Calculate the remainder when 3885 is divided by 898.
293
What is the remainder when 309312 is divided by 103102?
6
What is the remainder when 40606 is divided by 151?
138
Calculate the remainder when 225881 is divided by 54.
53
Calculate the remainder when 669841 is divided by 11961.
25
What is the remainder when 797 is divided by 211?
164
Calculate the remainder when 582412 is divided by 98.
96
What is the remainder when 291085 is divided by 14?
11
Calculate the remainder when 26734 is divided by 595.
554
Calculate the remainder when 95979 is divided by 387.
3
What is the remainder when 997173 is divided by 46?
31
What is the remainder when 6320094 is divided by 21?
18
Calculate the remainder when 11348 is divided by 570.
518
What is the remainder when 142257 is divided by 32?
17
Calculate the remainder when 65988 is divided by 584.
580
What is the remainder when 30360 is divided by 1010?
60
Calculate the remainder when 45404 is divided by 499.
494
What is the remainder when 217467 is divided by 415?
7
Calculate the remainder when 57095 is divided by 22.
5
What is the remainder when 19222 is divided by 305?
7
Calculate the remainder when 26189 is divided by 16.
13
Calculate the remainder when 1205 is divided by 341.
182
Calculate the remainder when 5379 is divided by 5213.
166
Calculate the remainder when 465 is divided by 438.
27
Calculate the remainder when 98535 is divided by 22.
19
What is the remainder when 4374 is divided by 541?
46
What is the remainder when 9627 is divided by 74?
7
Calculate the remainder when 9914 is divided by 936.
554
What is the remainder when 3147 is divided by 207?
42
What is the remainder when 1143 is divided by 299?
246
What is the remainder when 2503 is divided by 2446?
57
What is the remainder when 4938 is divided by 206?
200
What is the remainder when 5849 is divided by 14?
11
What is the remainder when 4750 is divided by 4749?
1
What is the remainder when 6063 is divided by 6060?
3
Calculate the remainder when 6221 is divided by 39.
20
Calculate the remainder when 6131 is divided by 289.
62
What is the remainder when 22907 is divided by 5485?
967
Calculate the remainder when 21385 is divided by 29.
12
What is the remainder when 1929 is divided by 599?
132
Calculate the remainder when 14179 is divided by 14094.
85
Calculate the remainder when 121486 is divided by 9.
4
Calculate the remainder when 39180 is divided by 872.
812
Calculate the remainder when 104540 is divided by 72.
68
Calculate the remainder when 11228 is divided by 535.
528
Calculate the remainder when 11085 is divided by 5532.
21
Calculate the remainder when 7241 is divided by 719.
51
Calculate the remainder when 810409 is divided by 149.
147
Calculate the remainder when 9120 is divided by 744.
192
What is the remainder when 5790 is divided by 636?
66
What is the remainder when 646 is divided by 23?
2
What is the remainder when 123790 is divided by 189?
184
Calculate the remainder when 84062 is divided by 12008.
6
Calculate the remainder when 37204 is divided by 911.
764
Calculate the remainder when 920 is divided by 798.
122
Calculate the remainder when 4016 is divided by 3372.
644
What is the remainder when 22340 is divided by 11?
10
Calculate the remainder when 1973531 is divided by 61.
59
What is the remainder when 47165 is divided by 7?
6
What is the remainder when 12001 is divided by 7?
3
What is the remainder when 878724 is divided by 1467?
1458
Calculate the remainder when 146402 is divided by 48795.
17
Calculate the remainder when 1051222 is divided by 142.
138
Calculate the remainder when 17788 is divided by 129.
115
Calculate the remainder when 183 is divided by 66.
51
What is the remainder when 236025 is divided by 58971?
141
Calculate the remainder when 14434 is divided by 1668.
1090
What is the remainder when 4104472 is divided by 25?
22
Calculate the remainder when 8900 is divided by 126.
80
What is the remainder when 284 is divided by 3?
2
What is the remainder when 153029 is divided by 6?
5
Calculate the remainder when 310553 is divided by 34.
31
What is the remainder when 119 is divided by 9?
2
What is the remainder when 80732 is divided by 96?
92
Calculate the remainder when 5340 is divided by 346.
150
What is the remainder when 39875 is divided by 27?
23
What is the remainder when 776 is divided by 11?
6
What is the remainder when 269617 is divided by 5991?
22
What is the remainder when 4226 is divided by 526?
18
Calculate the remainder when 100623 is divided by 541.
538
What is the remainder when 940 is divided by 35?
30
Calculate the remainder when 73451 is divided by 432.
11
What is the remainder when 4769 is divided by 31?
26
What is the remainder when 26807 is divided by 70?
67
What is the remainder when 1803136 is divided by 17?
14
Calculate the remainder when 10878 is divided by 5138.
602
Calculate the remainder when 1645 is divided by 140.
105
What is the remainder when 53427 is divided by 26?
23
Calculate the remainder when 402199 is divided by 57457.
0
Calculate the remainder when 5798 is divided by 2693.
412
What is the remainder when 9625 is divided by 563?
54
Calculate the remainder when 7576 is divided by 480.
376
Calculate the remainder when 23374 is divided by 5832.
46
Calculate the remainder when 805 is divided by 228.
121
What is the remainder when 7646 is divided by 124?
82
What is the remainder when 83197 is divided by 22?
15
Calculate the remainder when 274921 is divided by 49.
31
What is the remainder when 58480 is divided by 170?
0
Calculate the remainder when 17893 is divided by 1980.
73
What is the remainder when 333 is divided by 102?
27
Calculate the remainder when 3948 is divided by 3883.
65
What is the remainder when 16271 is divided by 2709?
17
Calculate the remainder when 4066 is divided by 202.
26
Calculate the remainder when 26978 is divided by 574.
0
Calculate the remainder when 53727 is divided by 584.
583
Calculate the remainder when 64935 is divided by 21642.
9
Calculate the remainder when 61910 is divided by 10314.
26
Calculate the remainder when 205254 is divided by 237.
12
What is the remainder when 209192 is divided by 514?
508
What is the remainder when 9130 is divided by 56?
2
Calculate the remainder when 82362 is divided by 287.
280
What is the remainder when 596789 is divided by 331?
327
Calculate the remainder when 78245 is divided by 2006.
11
What is the remainder when 29853 is divided by 228?
213
What is the remainder when 1845 is divided by 140?
25
Calculate the remainder when 3430 is divided by 194.
132
What is the remainder when 2392767 is divided by 1372?
1371
Calculate the remainder when 74953 is divided by 263.
261
Calculate the remainder when 1984 is divided by 975.
34
Calculate the remainder when 113092 is divided by 1109.
1083
What is the remainder when 1230 is divided by 385?
75
What is the remainder when 9924 is divided by 30?
24
Calculate the remainder when 1054 is divided by 5.
4
Calculate the remai